?
True
Is 172067521 a multiple of 39?
False
Does 400 divide 828419251?
False
Is 10332393 a multiple of 3?
True
Is 88 a factor of 23241856?
True
Is 4121763698 a multiple of 52?
False
Is 409 a factor of 2798485166?
False
Does 66 divide 33777348?
True
Is 20 a factor of 5240580?
True
Is 82 a factor of 7859864?
True
Is 573 a factor of 287994010?
False
Is 59 a factor of 34869660?
False
Is 9326313 a multiple of 9?
True
Does 45 divide 699574230?
True
Does 21 divide 21346773?
True
Does 31 divide 286231525?
True
Is 18151199 a multiple of 13?
False
Is 42769831 a multiple of 2?
False
Does 15 divide 215718722?
False
Is 48913318 a multiple of 533?
False
Is 16 a factor of 3802837?
False
Is 15 a factor of 16625010?
True
Is 153784635 a multiple of 5?
True
Does 255 divide 945748156?
False
Does 16 divide 8125530?
False
Is 492061561 a multiple of 40?
False
Does 5 divide 79675192?
False
Is 229 a factor of 656310805?
False
Is 13 a factor of 88807394?
True
Is 117497826 a multiple of 83?
False
Is 411726040 a multiple of 11?
True
Is 179 a factor of 8216279?
True
Is 37986600 a multiple of 100?
True
Does 21 divide 4511965?
False
Is 7 a factor of 21075271?
True
Is 11 a factor of 135929803?
False
Does 18 divide 69513678?
True
Is 165 a factor of 23821380?
True
Is 28 a factor of 241803356?
False
Is 1906 a factor of 98118974?
True
Is 1128 a factor of 3942168437?
False
Is 33406949 a multiple of 2?
False
Is 1133 a factor of 76790208?
True
Is 695748223 a multiple of 361?
False
Does 69 divide 312551232?
True
Is 1503 a factor of 3834124443?
True
Does 10 divide 766294616?
False
Is 6917 a factor of 396951333?
False
Does 21 divide 6872586?
True
Is 20237615 a multiple of 2711?
True
Is 94695183 a multiple of 513?
True
Does 1078 divide 95853801?
False
Is 39694576 a multiple of 16?
True
Does 584 divide 694318311?
False
Does 30 divide 31076492?
False
Does 180 divide 743555700?
True
Is 3033102 a multiple of 24?
False
Is 40961941 a multiple of 83?
False
Is 99979752 a multiple of 12?
True
Is 3507717 a multiple of 23?
False
Is 50686916 a multiple of 675?
False
Does 1899 divide 306081712?
False
Is 13 a factor of 209734174?
True
Is 23015100 a multiple of 392?
False
Is 8 a factor of 123952780?
False
Is 25795286 a multiple of 16?
False
Is 273215349 a multiple of 124?
False
Is 250778407 a multiple of 13?
False
Is 61 a factor of 12081046?
False
Does 190 divide 251874260?
True
Is 74800857 a multiple of 337?
True
Is 110232010 even?
True
Does 268 divide 220705236?
True
Is 22 a factor of 323519262?
True
Is 13549186 a multiple of 5?
False
Is 53 a factor of 59113127?
False
Is 282 a factor of 359122991?
False
Is 103332 a multiple of 316?
True
Is 141572003 a multiple of 1353?
False
Does 1184 divide 51777352?
False
Is 370 a factor of 14614231?
False
Is 11117375 a multiple of 13?
False
Does 79 divide 2307098391?
False
Is 461 a factor of 549280324?
False
Is 2548604343 a multiple of 199?
True
Is 12 a factor of 2720186?
False
Is 5699542 a multiple of 13?
False
Is 30042165 a multiple of 1178?
False
Is 2460945702 a multiple of 17?
False
Does 179 divide 17222145?
False
Is 183 a factor of 11846202?
False
Does 17 divide 35199129?
True
Is 16 a factor of 947276?
False
Is 19550451 a multiple of 310?
False
Is 1814 a factor of 104119972?
True
Is 55 a factor of 570885668?
False
Is 358 a factor of 4504437?
False
Is 39188396 a multiple of 169?
True
Is 42 a factor of 24866940?
True
Does 120 divide 217400118?
False
Is 210 a factor of 226321310?
False
Is 195 a factor of 201046106?
False
Is 55191576 a multiple of 82?
True
Does 114 divide 33489019?
False
Is 277693793 a multiple of 902?
False
Does 338 divide 115398579?
False
Does 39 divide 47569349?
False
Does 14 divide 12236238?
True
Does 1206 divide 398050607?
False
Does 211 divide 5284495?
True
Does 138 divide 24721015?
False
Is 5777365 a multiple of 28?
False
Is 312 a factor of 130101963?
False
Is 63 a factor of 1588545?
True
Does 1298 divide 119824330?
False
Is 1480 a factor of 48787380?
False
Does 1249 divide 41666640?
True
Does 15 divide 2077825275?
True
Is 26 a factor of 7000844?
False
Is 348738768 a multiple of 63?
True
Does 731 divide 31881056?
False
Is 1288153005 a multiple of 11?
False
Is 464 a factor of 2320031088?
True
Is 5457199 a multiple of 11?
True
Is 41755308 a multiple of 166?
True
Is 2815 a factor of 22945065?
True
Is 23 a factor of 232888352?
False
Is 401 a factor of 139178278?
True
Is 13 a factor of 844663014?
True
Is 42911850 a multiple of 55?
False
Does 57 divide 42772686?
True
Is 150131357 a multiple of 149?
True
Does 487 divide 48826133?
True
Is 20 a factor of 371272360?
True
Does 674 divide 3381196488?
True
Does 482 divide 189322370?
True
Is 37153807 a multiple of 3?
False
Is 150 a factor of 780465150?
True
Is 27 a factor of 7112205?
True
Is 1825686 a multiple of 424?
False
Does 35 divide 376035502?
False
Does 155 divide 49664669?
False
Is 1950 a factor of 1966793400?
True
Is 60232614 a multiple of 933?
True
Does 108 divide 146226492?
True
Is 30762211 a multiple of 90?
False
Does 5368 divide 603121640?
True
Does 164 divide 237733439?
False
Is 18180576 a multiple of 288?
True
Is 649145386 a multiple of 898?
False
Does 5101 divide 471587450?
True
Is 445116863 a multiple of 5?
False
Is 28972371 a multiple of 36?
False
Does 72 divide 120836448?
True
Is 64002725 a multiple of 413?
False
Is 1145 a factor of 136209200?
True
Does 808 divide 51308000?
True
Is 5840 a factor of 470663141?
False
Is 325 a factor of 97148025?
True
Does 10 divide 2162668?
False
Does 181 divide 2778018202?
False
Is 47 a factor of 412439946?
True
Does 32 divide 199226112?
True
Does 270 divide 81212220?
True
Is 2089501425 a multiple of 55?
True
Is 29 a factor of 123197971?
False
Is 20123169 a multiple of 451?
True
Is 13 a factor of 191881832?
False
Does 259 divide 3503484194?
True
Is 226 a factor of 85977406?
True
Is 19 a factor of 44884728?
False
Is 91 a factor of 536748814?
False
Is 14695668 a multiple of 324?
True
Does 97 divide 11674532?
True
Is 1374452 a multiple of 2?
True
Is 1746045833 a multiple of 40?
False
Is 521 a factor of 3832997?
True
Does 523 divide 68252356?
False
Is 578 a factor of 3761266055?
False
Is 22449264 even?
True
Is 3651020940 a multiple of 1600?
False
Does 2128 divide 673956752?
True
Is 2876088648 a multiple of 26?
False
Is 31 a factor of 78730210?
False
Is 2857 a factor of 269621648?
False
Is 224 a factor of 82164979?
False
Does 693 divide 34665460?
False
Is 238149957 a multiple of 51?
True
Does 9 divide 2049836828?
False
Does 384 divide 3595008?
True
Does 11 divide 4105548223?
False
Does 105 divide 178335564?
False
Is 1369 a factor of 7391231?
True
Is 567036990 a multiple of 390?
True
Does 36 divide 26426088?
True
Is 646 a factor of 92378000?
True
Does 32 divide 119616595?
False
Does 107 divide 443176666?
True
Does 8 divide 94844902?
False
Is 367752296 a multiple of 2918?
False
Is 70777412 a multiple of 68?
False
Does 2965 divide 892529048?
False
Is 40 a factor of 1206400067?
False
Is 768120765 a multiple of 15?
True
Is 105571047 a multiple of 661?
False
Is 96158668 a multiple of 7?
False
Does 231 divide 40018902?
True
Is 1056 a factor of 359697922?
False
Does 259 divide 9659537?
False
Does 2946 divide 43721265?
False
Is 36 a factor of 1135198515?
False
Is 32151475 a multiple of 25?
True
Is 3413536 a multiple of 2177?
True
Does 3 divide 160107121?
False
Is 16699932 a multiple of 9?
True
Is 14710171 a multiple of 7?
True
Is 294656325 a multiple of 9?
False
Is 374105307 a multiple of 87?
True
Is 2215 a factor of 31122502?
False
Is 471041405 a multiple of 9?
False
Is 2848 a factor of 224452651?
False
Is 19 a factor of 277856903?
False
Is 421 a factor of 1304440714?
True
Is 1906425388 a multiple of 11?
False
Does 21 divide 71705962?
False
Does 46 divide 532404276?
True
Does 263 divide 19017630?
False
Does 59 divide 205765107?
False
Does 9 divide 39481011?
True
Is 428 a factor of 431542128?
True
Is 350880851 a multiple of 73?
True
Does 1489 divide 18004988?
True
Is 938 a factor of 124026112?
True
Is 141 a factor of 7117674?
False
Is 6806886 even?
True
Is 10 a factor of 3928323450?
True
Does 8 divide 40502757?
False
Is 28378073 a multiple of 23?
False
Is 29 a factor of 946006992?
False
Does 245 divide 375584700?
False
Does 1876 divide 123591691?
False
Is 10 